5)/(-2). Suppose 2*r + j - 5 = r, 4*j = 5*r - s. Let n(b) = 5*b - 6. Let y(h) = 36*h - 42. Let g(i) = -15*n(i) + 2*y(i). Calculate g(r).
-12
Let v be -14 - -26*17/34. Let o(c) = -25*c**3 - c**2 + c + 1. Determine o(v).
24
Let t(s) be the second derivative of -s**4/6 + 11*s**3/2 - 11*s**2/2 + 146*s - 2. Determine t(16).
5
Let t(y) = -14*y - 72. Let j(z) = 29*z + 124. Let i(l) = -3*j(l) - 5*t(l). Determine i(-2).
22
Let t(h) be the third derivative of -h**4/24 + 17*h**3/2 + 2834*h**2. Calculate t(12).
39
Let r(w) = 6*w - 19. Let l(a) = -16. Let h(b) = b - 16. Let n(x) = -5*h(x) + 4*l(x). Let s(g) = -7*n(g) - 6*r(g). Determine s(5).
-3
Let c(t) = t**3 + 26*t**2 - 11*t - 23. Let z be c(-26). Suppose -z = -2*k - 23. Suppose -116*d + k*d = 12. Let r(f) = -f**3 + 5*f**2 - 3*f + 3. Determine r(d).
12
Let c(s) be the third derivative of 1/6*s**4 + 0 - 10*s + s**2 - 7/6*s**3. Let z be 0 - (-1)/(3/15). Calculate c(z).
13
Let v be 85*(-2 + -2 + 3). Let f(l) = 155*l**2. Suppose -2*q + 5*n = 2*n - 12, q + 3*n = 6. Let m(p) = 11*p**2. Let s(y) = q*f(y) + v*m(y). Calculate s(-1).
-5
Let g(t) = -t**2 + 9*t - 9. Let h be g(7). Let v(j) = -6*j + 20. Let u be v(3). Let m(f) = -h + 6 + 7*f**u - 8*f**2 - f**3. Give m(0).
1
Let j be -4*2/(-8)*5. Suppose 2*p + j*d - 3 = p, 3*p - 2*d - 9 = 0. Suppose -p*f - 5*m + 31 = 0, 3*f - m - 26 = -f. Let n(u) = -u + 10. What is n(f)?
3
Let v(y) be the third derivative of 37*y**4/12 - 2*y**2 - 182. Determine v(1).
74
Let s = 154 + -152. Let k be (s - 2/(-1))/(12 + -13). Let o(r) = r**2 + 4*r - 2. Give o(k).
-2
Let m = 541 + -541. Let q(f) = -24*f - 13. Let s be q(m). Let g(p) = p + 13. What is g(s)?
0
Suppose -4*x - 5*v = 154, -126*x + v + 130 = -130*x. Let t(h) = -10*h - 320. What is t(x)?
-10
Suppose 5*y - 12 = 2*r, 3*r + 7*y = 8*y + 21. Let g(q) = 6*q**2 - 9*q - 2 - q**2 - 4*q**2. Give g(r).
-2
Let g be ((-160)/(-25))/(-8)*-10. Suppose -3*u = r - 24, -9*r - 1 = -g*r - 2*u. Let a(l) = l**3 - 10*l**2 + 8*l + 13. Calculate a(r).
4
Let q(r) = r**2 - 8*r - 41. Let s = 890 + -619. Let l = -259 + s. Determine q(l).
7
Let m(o) = o**3 + 7*o**2 + 8*o - 3. Let r = 366 - 342. Suppose -25*a - 126 = r. Determine m(a).
-15
Let p(i) = -i + 35 - 151 - 13*i**2 + 120. What is p(-3)?
-110
Let q be 58 + (18/3 - 7). Suppose -55*s + 2 = -q*s. Let i(o) be the second derivative of 3*o**5/20 - o**4/6 - o**3/3 - o**2/2 + o. Calculate i(s).
-4
Let b(i) be the first derivative of -i**4/2 - 16*i**3/3 + 2*i**2 + 33*i + 2998. What is b(-8)?
1
Let t(q) be the second derivative of 2*q**3/3 + 6*q**2 + 17*q. Let m be (-4)/24 - (-7)/(-18)*15. Determine t(m).
-12
Let b(n) be the first derivative of -n**5/120 - n**4/2 - 80*n**3 + n**2/2 - 138. Let k(u) be the third derivative of b(u). Determine k(-10).
-2
Let m(i) = -5*i + 93. Let p be m(21). Let x be ((-81)/(-6) - 2) + p/8. Let d(v) = v**2 - 12*v + 13. Give d(x).
-7
Let g = 30 - 42. Suppose 8*w + 3*w + 187 = 0. Let a = w - g. Let i(v) = -v + 2. What is i(a)?
7
Let c(s) = -31*s + 54. Let n(w) = 65*w - 104. Let l(q) = 11*c(q) + 5*n(q). Calculate l(5).
-6
Let h(i) = 257 - i**2 - 256 + 2*i + 2*i**2. Let m(g) = 8*g + 1. Let l be m(-1). Let b(d) = d + 4. Let o be b(l). Calculate h(o).
4
Let p(b) = 292*b + 1176. Let d be p(-4). Let g(c) = 3*c - 27. What is g(d)?
-3
Let c = 7802 + -7787. Let d(y) = y**2 - 14*y - 16. What is d(c)?
-1
Let h be (49 + -11)*10/4. Let m = h + -94. Let v(q) = -3*q + 2 - 3 - q. Give v(m).
-5
Let l(a) = -a**3 + 3*a + 3. Let n be l(-3). Suppose 0 = 5*b - 4 - n. Let g(k) be the first derivative of -k**3/3 + 3*k**2/2 - k - 87. What is g(b)?
-11
Let h(s) = -s**3 + 14*s**2 + 9*s - 130. Let t(u) = 6*u**2 + 36*u + 14. Let r be t(-6). Calculate h(r).
-4
Suppose -5*w + 4*v - 68 = -52, 4*v + 24 = 0. Let x(h) = h**3 + 11*h**2 + 21*h + 11. Calculate x(w).
35
Let g(k) = 14*k + 5. Let r = -5285 - -5291. Give g(r).
89
Let n be 75/11 + 4/22. Suppose 6*g - n*g + 2 = 0. Let l(d) = -7*d**g - 2*d + 2 - d**3 + 7 - 16. Give l(-7).
7
Let o(m) = m - 5. Suppose -3*n - g = 271, 0 = -n + 3*n - 4*g + 190. Let i = -61 - n. Suppose -2*t = -t + 5*h - i, 40 = 2*t + 5*h. What is o(t)?
5
Let r(w) = -3*w**3 - 49*w**2 - 16*w - 3. Let m(q) = -q**3 - 28*q**2 - 23*q + 92. Let k be m(-27). Calculate r(k).
-3
Let q(w) be the first derivative of 4*w**2 - 19*w + 3295. Calculate q(4).
13
Let c(q) = -q**2 - 6*q. Let t(s) = 8*s - 15. Let w be ((-2)/(-7))/(1*10/35). Let u be t(w). Determine c(u).
-7
Suppose 212 = 56*f - 516. Let u(x) = -x**3 + 14*x**2 - 11*x + 17. Determine u(f).
43
Let c(s) = -s**3 + 3*s**2 + s. Let p be c(3). Let k(q) = -204*q - 11. Let l be k(-13). Let u(j) = -l*j - j**3 + 5*j**2 - 1 + 2640*j + 0*j**2. Determine u(p).
14
Let d be -1 + ((5 + -5)/(-5))/(-1) + 6. Let c(u) = -4*u + 3. Determine c(d).
-17
Let g(t) = 16 - 98*t + 19 + 31*t + 40*t - t**2 + 26*t. Calculate g(-6).
5
Let p(r) be the first derivative of r**5/120 + r**4/24 + 232*r**3/3 + 57. Let q(t) be the third derivative of p(t). Determine q(5).
6
Suppose -4*g - h + 21 = 0, -4*g + 3*g - h = -6. Let k(z) = z**3 + 6*z**2 - 4*z + 3. Let j(w) = w**3 - w + 1. Let f(o) = -2*j(o) + k(o). What is f(g)?
16
Let o(w) = -13*w**2 - w**3 + 5*w**3 + w + 17*w**2 - 2*w**3 - w**3. Calculate o(-3).
6
Let l(p) = p - 4. Suppose 6 = -4*v + 2*g - 0, 9 = 2*v + 3*g. Suppose -54*s + 50*s - 16 = v. Calculate l(s).
-8
Let x(y) be the first derivative of 2*y**3/3 - 4*y**2 - 7*y - 8320. Give x(6).
17
Let s(h) = -414*h - 446*h - 437*h + 1266*h - 5*h**2. Give s(-6).
6
Let u(x) = 2*x + 9. Let w(i) = i - 1. Let p(a) = -u(a) + 4*w(a). Let r be p(9). Suppose -r*s = -5*m + 30, -11 = 3*m - 4*s - 31. Let d(n) = -n + 3. Give d(m).
-1
Suppose x - 1 + 10 = 3*j, 2*x - 3*j = -6. Let f(h) = -3 - 3*h + 2*h**3 + 5*h**3 - 5*h**x + 0*h**3 + h**2. Let g be (3*1/3)/(13/(-26)). What is f(g)?
-9
Let x(o) = o**2 - 3*o**2 + 0*o**2 + 50 - o**2 + 5*o**2 - 44*o. Give x(20).
-30
Suppose -4*w - m - 2 = -14, -5*w = 3*m - 22. Let z be (-18 - -19) + 1*2. Let c(f) = -f**2 - 5*f**3 + z*f + 124 + 4*f**3 - 126. Give c(w).
-8
Let q(a) = 3*a - 63. Suppose 93 = 28*r - 131. What is q(r)?
-39
Let y(d) be the first derivative of -d**3/3 + 7*d + 2273. Determine y(-6).
-29
Suppose 44*g + 25 - 23 = 134. Let x(q) = -22*q + 56. What is x(g)?
-10
Let j(s) = -s**2 + 5*s - 6. Suppose 4*n + n = i, i = 0. Suppose -2*v - 14*v + 64 = n. What is j(v)?
-2
Let d be 2/(-3)*(-39 + 72). Let h(a) = -a**3 - 21*a**2 + 19*a - 62. Calculate h(d).
4
Let d be -6 + -4 - 291/(-194)*(-20)/(-3). Let b(h) be the third derivative of h**4/24 + 9*h**3/2 - 2*h**2. Give b(d).
27
Let p(n) = -n**3 - 3*n**2 + 4*n + 2. Let o be (-9 + 6)/(-1*3/1). Suppose 4*h = -4*v - 28, o - 11 = 2*h + v. Calculate p(h).
-10
Suppose 0 = -4*x - 4 + 12. Let i(w) = 242*w**x + 2 - 3*w - 241*w**2 + 2*w + 2*w. What is i(2)?
8
Let h(y) = -138093 + 6*y + 276162 - 137925. What is h(-23)?
6
Let c(p) = -13*p**3 - 10*p**2 + 6*p - 1. Let s(k) = 27*k**3 + 22*k**2 - 13*k + 2. Let u(i) = 13*c(i) + 6*s(i). Calculate u(1).
-6
Let s(n) be the first derivative of n**6/120 + n**5/60 - n**4/24 - n**3/6 - 68*n**2 + 146. Let q(z) be the second derivative of s(z). Calculate q(2).
9
Let c(d) = -7*d**3 - 33*d**2 + 115*d + 17. Let q be c(-7). Let a(k) = -5*k**2 - 12*k - 11. Give a(q).
-43
Let o(w) be the third derivative of -w**6/120 - 2*w**5/15 + w**3/2 + 2302*w**2. Determine o(-7).
-46
Let h(b) = b**3 + 17*b**2 - 44*b - 39. Let k be h(-19). Suppose -219 = -24*w - k. Let l(t) = -t + 1. Give l(w).
-5
Let q(c) be the second derivative of c**5/20 + 2*c**4/3 - 11*c**3/6 + c**2/2 + 28*c - 96. Give q(-10).
-89
Let l(r) = 11*r**2 - 4*r + 8. Let h(j) = -6*j**2 + 2*j - 4. Let m(a) = 7*h(a) + 4*l(a). Let t = 1641 + -1638. Determine m(t).
16
Let t(s) = -s**3 - 1. Let h(k) = 4*k**3 - 4*k**2 + 2*k - 2. Let y(g) = -h(g) - 3*t(g). Let z be y(3). Let c(a) = 2 + 6 + a - z. What is c(-7)?
-7
Let l(i) = -2*i**3 - 2*i**2 + i + 4. Suppose 2*s + 5*r = -34, 22*s + 2*r + 4 = 26*s. Calculate l(s).
10
Suppose 31*j - 25*j - 36 = 12*j. Let f(d) = -d**3 - 7*d**2 + 4*d + 3. Determine f(j).
-57
Suppose -5*x - 30 + 37 = -4*d, -d = -5*x + 28. Let j(u) = u**3 - 10*u**2 + 11*u - 27. Give j(d).
-97
Let f(p) be the first derivative of -4*p**2 - 18*p - 5706. Calculate f(8).
-82
Let d(f) be the second derivative of -f**4/12 + 5*f**3/6 + 17*f**2/2 - 2*f.